{"id":624,"date":"2018-05-29T10:01:57","date_gmt":"2018-05-29T13:01:57","guid":{"rendered":"http:\/\/viacaofortaleza.com.br\/?page_id=624"},"modified":"2022-02-09T16:28:08","modified_gmt":"2022-02-09T19:28:08","slug":"empresa","status":"publish","type":"page","link":"http:\/\/viacaofortaleza.com.br\/index.php\/empresa\/","title":{"rendered":"A Empresa"},"content":{"rendered":"\n<div data-elementor-type=\"wp-page\" data-elementor-id=\"624\" class=\"elementor elementor-624\">\n<div class=\"elementor-inner\">\n<div class=\"elementor-section-wrap\">\n<section class=\"elementor-section elementor-top-section elementor-element elementor-element-67d6f3ca elementor-reverse-mobile elementor-section-full_width elementor-section-height-min-height elementor-section-items-stretch elementor-section-height-default\" data-id=\"67d6f3ca\" data-element_type=\"section\">\n<div class=\"elementor-container elementor-column-gap-default\">\n<div class=\"elementor-row\">\n<div class=\"elementor-column elementor-col-50 elementor-top-column elementor-element elementor-element-44974ba7\" data-id=\"44974ba7\" data-element_type=\"column\">\n<div class=\"elementor-column-wrap elementor-element-populated\">\n<div class=\"elementor-widget-wrap\">\n<div class=\"elementor-element elementor-element-557b8892 elementor-widget elementor-widget-heading\" data-id=\"557b8892\" data-element_type=\"widget\" data-widget_type=\"heading.default\">\n<div class=\"elementor-widget-container\">\n<h3 class=\"elementor-heading-title elementor-size-default\">No in\u00edcio dos anos de 1950,<\/h3>\n<\/p><\/div>\n<\/p><\/div>\n<div class=\"elementor-element elementor-element-6a6b334a elementor-widget elementor-widget-text-editor\" data-id=\"6a6b334a\" data-element_type=\"widget\" data-widget_type=\"text-editor.default\">\n<div class=\"elementor-widget-container\">\n<div class=\"elementor-text-editor elementor-clearfix\">\n<p>Francisco de Albuquerque Lima, o \u2018Seu Lima\u2019, juntamente com sua fam\u00edlia, se muda de Paracuru para a cidade de Fortaleza. Em 1952, vendo a possibilidade de trabalhar no setor de transporte, compra dois \u00f4nibus de seu cunhado, Sr. Alonso Herculano Barroso, e iniciou o transporte de pessoas no Campo da Avia\u00e7\u00e3o, atual bairro Aerol\u00e2ndia, com o pai e o irm\u00e3o Raimundo Albuquerque.<\/p>\n<p>Assim nasce a Auto Via\u00e7\u00e3o Fortaleza, com sede na atual BR 116, no bairro Cajazeiras, fazendo as linhas Aerol\u00e2ndia e seu entorno, Alto da Balan\u00e7a e Dias Macedo \u2018Seu Lima\u2019, cativou seus funcion\u00e1rios com sua forma especial de se relacionar, por sua preocupa\u00e7\u00e3o com o bem-estar e prosperidade dos mesmos, gerando um ciclo de amizade e lealdade que perdura na Empresa.<\/p>\n<p>O bairro Aerol\u00e2ndia \u00e9 foco de aten\u00e7\u00e3o comunit\u00e1ria da Auto Via\u00e7\u00e3o Fortaleza ainda hoje, assim como as comunidades dos bairros Dias Macedo, Conjunto Alvorada, S\u00edtio S\u00e3o Jos\u00e9, dentre outras. Uma parceria de coopera\u00e7\u00e3o iniciada pelo \u2018Seu Lima\u2019 nos anos 1952.<\/p>\n<\/p><\/div>\n<\/p><\/div>\n<\/p><\/div>\n<\/p><\/div>\n<\/p><\/div>\n<\/p><\/div>\n<div class=\"elementor-column elementor-col-50 elementor-top-column elementor-element elementor-element-9b66437\" data-id=\"9b66437\" data-element_type=\"column\" data-settings=\"{&quot;background_background&quot;:&quot;classic&quot;}\">\n<div class=\"elementor-column-wrap elementor-element-populated\">\n<div class=\"elementor-widget-wrap\">\n<div class=\"elementor-element elementor-element-2c78b1b elementor-widget elementor-widget-image\" data-id=\"2c78b1b\" data-element_type=\"widget\" data-widget_type=\"image.default\">\n<div class=\"elementor-widget-container\">\n<div class=\"elementor-image\">\n\t\t\t\t\t\t\t\t\t\t\t\t<img width=\"768\" height=\"635\" src=\"http:\/\/viacaofortaleza.com.br\/wp-content\/uploads\/2018\/05\/23ea4cd9-9aec-40fd-820e-62866552d8e8-768x635.jpg\" class=\"attachment-medium_large size-medium_large\" alt=\"\" loading=\"lazy\" srcset=\"http:\/\/viacaofortaleza.com.br\/wp-content\/uploads\/2018\/05\/23ea4cd9-9aec-40fd-820e-62866552d8e8-768x635.jpg 768w, http:\/\/viacaofortaleza.com.br\/wp-content\/uploads\/2018\/05\/23ea4cd9-9aec-40fd-820e-62866552d8e8-300x248.jpg 300w, http:\/\/viacaofortaleza.com.br\/wp-content\/uploads\/2018\/05\/23ea4cd9-9aec-40fd-820e-62866552d8e8-1024x847.jpg 1024w, http:\/\/viacaofortaleza.com.br\/wp-content\/uploads\/2018\/05\/23ea4cd9-9aec-40fd-820e-62866552d8e8.jpg 1280w\" sizes=\"(max-width: 768px) 100vw, 768px\" \/>\t\t\t\t\t\t\t\t\t\t\t\t\t\t<\/div>\n<\/p><\/div>\n<\/p><\/div>\n<\/p><\/div>\n<\/p><\/div>\n<\/p><\/div>\n<\/p><\/div>\n<\/p><\/div>\n<\/section>\n<section class=\"elementor-section elementor-top-section elementor-element elementor-element-12fb0dd0 elementor-section-content-middle elementor-section-full_width elementor-section-height-default elementor-section-height-default\" data-id=\"12fb0dd0\" data-element_type=\"section\">\n<div class=\"elementor-container elementor-column-gap-default\">\n<div class=\"elementor-row\">\n<div class=\"elementor-column elementor-col-50 elementor-top-column elementor-element elementor-element-6e3f773\" data-id=\"6e3f773\" data-element_type=\"column\">\n<div class=\"elementor-column-wrap elementor-element-populated\">\n<div class=\"elementor-widget-wrap\">\n<div class=\"elementor-element elementor-element-50e26a2d elementor-widget elementor-widget-heading\" data-id=\"50e26a2d\" data-element_type=\"widget\" data-widget_type=\"heading.default\">\n<div class=\"elementor-widget-container\">\n<h3 class=\"elementor-heading-title elementor-size-default\">Anos 1960\/70<\/h3>\n<\/p><\/div>\n<\/p><\/div>\n<div class=\"elementor-element elementor-element-37503056 elementor-widget elementor-widget-text-editor\" data-id=\"37503056\" data-element_type=\"widget\" data-widget_type=\"text-editor.default\">\n<div class=\"elementor-widget-container\">\n<div class=\"elementor-text-editor elementor-clearfix\">\n<p>Em 1970, a uni\u00e3o com seu cunhado Jos\u00e9 Gaud\u00eancio Moreira resulta em mais uma empresa, a Via\u00e7\u00e3o Silvano, que percorria as vias do Montese e Vila Sarita. Tr\u00eas anos depois, a mesma \u00e9 incorporada a Auto Via\u00e7\u00e3o Fortaleza, permanecendo estes s\u00f3cios como gestores da empresa juntamente com seus filhos. Fazendo agora as linhas Aerol\u00e2ndia, Alto da Balan\u00e7a, Montese e Vila Sarita.\u00a0\u00a0<\/p>\n<p>Os carros s\u00e3o distinguidos por cores que s\u00e3o escolhidas pelos donos, criando uma seletividade nos \u00f4nibus e uma mem\u00f3ria coletiva de um tempo em que cores marcavam os trajetos a serem percorridos. A Auto Via\u00e7\u00e3o Fortaleza tinha as cores branca, verde e vermelho.<\/p>\n<\/p><\/div>\n<\/p><\/div>\n<\/p><\/div>\n<\/p><\/div>\n<\/p><\/div>\n<\/p><\/div>\n<div class=\"elementor-column elementor-col-50 elementor-top-column elementor-element elementor-element-61b28a40\" data-id=\"61b28a40\" data-element_type=\"column\">\n<div class=\"elementor-column-wrap elementor-element-populated\">\n<div class=\"elementor-widget-wrap\">\n<div class=\"elementor-element elementor-element-f0d8ebd elementor-widget elementor-widget-image\" data-id=\"f0d8ebd\" data-element_type=\"widget\" data-widget_type=\"image.default\">\n<div class=\"elementor-widget-container\">\n<div class=\"elementor-image\">\n\t\t\t\t\t\t\t\t\t\t\t\t<img width=\"966\" height=\"1024\" src=\"http:\/\/viacaofortaleza.com.br\/wp-content\/uploads\/2018\/05\/256155e5-a558-4dc8-bf9c-ae6ede6630b9-966x1024.jpg\" class=\"attachment-large size-large\" alt=\"\" loading=\"lazy\" srcset=\"http:\/\/viacaofortaleza.com.br\/wp-content\/uploads\/2018\/05\/256155e5-a558-4dc8-bf9c-ae6ede6630b9-966x1024.jpg 966w, http:\/\/viacaofortaleza.com.br\/wp-content\/uploads\/2018\/05\/256155e5-a558-4dc8-bf9c-ae6ede6630b9-283x300.jpg 283w, http:\/\/viacaofortaleza.com.br\/wp-content\/uploads\/2018\/05\/256155e5-a558-4dc8-bf9c-ae6ede6630b9-768x814.jpg 768w, http:\/\/viacaofortaleza.com.br\/wp-content\/uploads\/2018\/05\/256155e5-a558-4dc8-bf9c-ae6ede6630b9-1024x1086.jpg 1024w, http:\/\/viacaofortaleza.com.br\/wp-content\/uploads\/2018\/05\/256155e5-a558-4dc8-bf9c-ae6ede6630b9-1018x1080.jpg 1018w, http:\/\/viacaofortaleza.com.br\/wp-content\/uploads\/2018\/05\/256155e5-a558-4dc8-bf9c-ae6ede6630b9.jpg 1207w\" sizes=\"(max-width: 966px) 100vw, 966px\" \/>\t\t\t\t\t\t\t\t\t\t\t\t\t\t<\/div>\n<\/p><\/div>\n<\/p><\/div>\n<\/p><\/div>\n<\/p><\/div>\n<\/p><\/div>\n<\/p><\/div>\n<\/p><\/div>\n<\/section>\n<section class=\"elementor-section elementor-top-section elementor-element elementor-element-3bb48fab elementor-section-content-middle elementor-reverse-mobile elementor-section-full_width elementor-section-height-default elementor-section-height-default\" data-id=\"3bb48fab\" data-element_type=\"section\">\n<div class=\"elementor-container elementor-column-gap-default\">\n<div class=\"elementor-row\">\n<div class=\"elementor-column elementor-col-50 elementor-top-column elementor-element elementor-element-6b2dab33\" data-id=\"6b2dab33\" data-element_type=\"column\">\n<div class=\"elementor-column-wrap elementor-element-populated\">\n<div class=\"elementor-widget-wrap\">\n<div class=\"elementor-element elementor-element-74622b6c elementor-widget elementor-widget-heading\" data-id=\"74622b6c\" data-element_type=\"widget\" data-widget_type=\"heading.default\">\n<div class=\"elementor-widget-container\">\n<h3 class=\"elementor-heading-title elementor-size-default\">Anos 1980\/90<\/h3>\n<\/p><\/div>\n<\/p><\/div>\n<div class=\"elementor-element elementor-element-5486a4ef elementor-widget elementor-widget-text-editor\" data-id=\"5486a4ef\" data-element_type=\"widget\" data-widget_type=\"text-editor.default\">\n<div class=\"elementor-widget-container\">\n<div class=\"elementor-text-editor elementor-clearfix\">\n<p>Em 1992 surge uma novidade no setor de transporte, os terminais de integra\u00e7\u00e3o. A Auto Via\u00e7\u00e3o Fortaleza acompanha o tempo e se transforma para garantir essa nova mobilidade. S\u00e3o sete terminais (Papicu, Parangaba, Messejana, Conjunto Cear\u00e1, Ant\u00f4nio Bezerra, Lagoa e Siqueira).\u00a0<\/p>\n<p>Tamb\u00e9m em 1992, Jacob Barata ingressa na sociedade com a Auto Via\u00e7\u00e3o Fortaleza, que a partir de ent\u00e3o passa por uma reestrutura\u00e7\u00e3o administrativa, tendo como composi\u00e7\u00e3o de seu novo corpo dirigente, Paulo Porto Lima, Francisco Ronaldo de Albuquerque Lima Filho e Lu\u00eds R\u00e9gis Nogueira Moreira, dire\u00e7\u00e3o que se mant\u00e9m at\u00e9 hoje.<\/p>\n<\/p><\/div>\n<\/p><\/div>\n<\/p><\/div>\n<\/p><\/div>\n<\/p><\/div>\n<\/p><\/div>\n<div class=\"elementor-column elementor-col-50 elementor-top-column elementor-element elementor-element-5f32653c\" data-id=\"5f32653c\" data-element_type=\"column\">\n<div class=\"elementor-column-wrap elementor-element-populated\">\n<div class=\"elementor-widget-wrap\">\n<div class=\"elementor-element elementor-element-1a859cdc elementor-widget elementor-widget-image\" data-id=\"1a859cdc\" data-element_type=\"widget\" data-widget_type=\"image.default\">\n<div class=\"elementor-widget-container\">\n<div class=\"elementor-image\">\n\t\t\t\t\t\t\t\t\t\t\t\t<img width=\"768\" height=\"638\" src=\"http:\/\/viacaofortaleza.com.br\/wp-content\/uploads\/2018\/05\/ec3485f0-1b84-457f-8abe-075e34949c92-768x638.jpg\" class=\"attachment-medium_large size-medium_large\" alt=\"\" loading=\"lazy\" srcset=\"http:\/\/viacaofortaleza.com.br\/wp-content\/uploads\/2018\/05\/ec3485f0-1b84-457f-8abe-075e34949c92-768x638.jpg 768w, http:\/\/viacaofortaleza.com.br\/wp-content\/uploads\/2018\/05\/ec3485f0-1b84-457f-8abe-075e34949c92-300x249.jpg 300w, http:\/\/viacaofortaleza.com.br\/wp-content\/uploads\/2018\/05\/ec3485f0-1b84-457f-8abe-075e34949c92-1024x850.jpg 1024w, http:\/\/viacaofortaleza.com.br\/wp-content\/uploads\/2018\/05\/ec3485f0-1b84-457f-8abe-075e34949c92.jpg 1280w\" sizes=\"(max-width: 768px) 100vw, 768px\" \/>\t\t\t\t\t\t\t\t\t\t\t\t\t\t<\/div>\n<\/p><\/div>\n<\/p><\/div>\n<\/p><\/div>\n<\/p><\/div>\n<\/p><\/div>\n<\/p><\/div>\n<\/p><\/div>\n<\/section>\n<section class=\"elementor-section elementor-top-section elementor-element elementor-element-16afc79 elementor-section-full_width elementor-section-height-default elementor-section-height-default\" data-id=\"16afc79\" data-element_type=\"section\">\n<div class=\"elementor-container elementor-column-gap-default\">\n<div class=\"elementor-row\">\n<div class=\"elementor-column elementor-col-100 elementor-top-column elementor-element elementor-element-adfbbd7\" data-id=\"adfbbd7\" data-element_type=\"column\">\n<div class=\"elementor-column-wrap elementor-element-populated\">\n<div class=\"elementor-widget-wrap\">\n<div class=\"elementor-element elementor-element-4741a26 elementor-widget elementor-widget-heading\" data-id=\"4741a26\" data-element_type=\"widget\" data-widget_type=\"heading.default\">\n<div class=\"elementor-widget-container\">\n<h3 class=\"elementor-heading-title elementor-size-default\">Anos 2000\/22<\/h3>\n<\/p><\/div>\n<\/p><\/div>\n<div class=\"elementor-element elementor-element-6868219 elementor-widget elementor-widget-text-editor\" data-id=\"6868219\" data-element_type=\"widget\" data-widget_type=\"text-editor.default\">\n<div class=\"elementor-widget-container\">\n<div class=\"elementor-text-editor elementor-clearfix\">\n<p>Em meados de 2008, para facilitar a circula\u00e7\u00e3o dos \u00f4nibus, a Prefeitura de Fortaleza prop\u00f5e um sistema de cons\u00f3rcio que atende toda as \u00e1reas da Grande Fortaleza. Foram implementadas cinco bacias no cons\u00f3rcio (Bacia TransLeste, Ant\u00f4nio Bezerra, Expresso, Parangaba e Messejana). A Auto Via\u00e7\u00e3o Fortaleza pertence as bacias TransLeste e Messejana.<\/p>\n<p>Em busca de inova\u00e7\u00e3o constante, a Auto Via\u00e7\u00e3o Fortaleza investe em tecnologia e modernidade, dentre elas a implanta\u00e7\u00e3o de redes de monitoramento: acompanhamento de todos os ve\u00edculos atrav\u00e9s de GPS, e a opera\u00e7\u00e3o de 4 c\u00e2meras internas em todos os ve\u00edculos de sua frota: monitoradas diariamente para acompanhar com maior precis\u00e3o os processos operacionais, garantindo assim, a excel\u00eancia em sua gest\u00e3o.<\/p>\n<p>O Sindi\u00f4nibus realizou, em 2013, 2015 e 2017, a Pesquisa de Clima Organizacional nas empresas de transporte. A Auto Via\u00e7\u00e3o Fortaleza foi reconhecida e eleita em 1\u00ba lugar, nas tr\u00eas pesquisas, como a Melhor Empresa para se Trabalhar no Segmento.\u00a0<\/p>\n<p>A Auto Via\u00e7\u00e3o Fortaleza se mant\u00e9m firme em seus princ\u00edpios com a sociedade, sendo uma das grandes empresas de transporte urbano de Fortaleza, com 580 colaboradores, 42 linhas, 175 ve\u00edculos, transportando diariamente cerca de 94 mil usu\u00e1rios.\u00a0<\/p>\n<p>Durante esses 69 anos, tem como miss\u00e3o &#8221;conduzir vidas com seguran\u00e7a e agilidade, oferecendo excel\u00eancia no atendimento para o reconhecimento e confiabilidade da comunidade e dos colaboradores&#8221;, &#8221;sendo refer\u00eancia no setor do transporte, gerando satisfa\u00e7\u00e3o dos clientes, promovendo um excelente ambiente de trabalho, bem como o crescimento sustent\u00e1vel e responsabilidade social.&#8221;<\/p>\n<\/p><\/div>\n<\/p><\/div>\n<\/p><\/div>\n<\/p><\/div>\n<\/p><\/div>\n<\/p><\/div>\n<\/p><\/div>\n<\/p><\/div>\n<\/section>\n<section class=\"elementor-section elementor-top-section elementor-element elementor-element-a74286f elementor-section-boxed elementor-section-height-default elementor-section-height-default\" data-id=\"a74286f\" data-element_type=\"section\">\n<div class=\"elementor-container elementor-column-gap-default\">\n<div class=\"elementor-row\">\n<div class=\"elementor-column elementor-col-100 elementor-top-column elementor-element elementor-element-248e635\" data-id=\"248e635\" data-element_type=\"column\">\n<div class=\"elementor-column-wrap elementor-element-populated\">\n<div class=\"elementor-widget-wrap\">\n<div class=\"elementor-element elementor-element-0137bac elementor-widget elementor-widget-image\" data-id=\"0137bac\" data-element_type=\"widget\" data-widget_type=\"image.default\">\n<div class=\"elementor-widget-container\">\n<div class=\"elementor-image\">\n\t\t\t\t\t\t\t\t\t\t\t\t<img width=\"768\" height=\"416\" src=\"http:\/\/viacaofortaleza.com.br\/wp-content\/uploads\/2018\/05\/03926649-995e-44d3-a4a8-82f77c5d3e54-768x416.jpg\" class=\"attachment-medium_large size-medium_large\" alt=\"\" loading=\"lazy\" srcset=\"http:\/\/viacaofortaleza.com.br\/wp-content\/uploads\/2018\/05\/03926649-995e-44d3-a4a8-82f77c5d3e54-768x416.jpg 768w, http:\/\/viacaofortaleza.com.br\/wp-content\/uploads\/2018\/05\/03926649-995e-44d3-a4a8-82f77c5d3e54-300x162.jpg 300w, http:\/\/viacaofortaleza.com.br\/wp-content\/uploads\/2018\/05\/03926649-995e-44d3-a4a8-82f77c5d3e54-1024x554.jpg 1024w, http:\/\/viacaofortaleza.com.br\/wp-content\/uploads\/2018\/05\/03926649-995e-44d3-a4a8-82f77c5d3e54.jpg 1280w\" sizes=\"(max-width: 768px) 100vw, 768px\" \/>\t\t\t\t\t\t\t\t\t\t\t\t\t\t<\/div>\n<\/p><\/div>\n<\/p><\/div>\n<\/p><\/div>\n<\/p><\/div>\n<\/p><\/div>\n<\/p><\/div>\n<\/p><\/div>\n<\/section><\/div>\n<\/p><\/div>\n<\/p><\/div>\n","protected":false},"excerpt":{"rendered":"<p>No in\u00edcio dos anos de 1950, Francisco de Albuquerque Lima, o \u2018Seu Lima\u2019, juntamente com sua fam\u00edlia, se muda de Paracuru para a cidade de Fortaleza. Em 1952, vendo a possibilidade de trabalhar no setor de transporte, compra dois \u00f4nibus de seu cunhado, Sr. Alonso Herculano Barroso, e iniciou o transporte de pessoas no Campo&hellip; <br \/> <a class=\"read-more\" href=\"http:\/\/viacaofortaleza.com.br\/index.php\/empresa\/\">Leia mais<\/a><\/p>\n","protected":false},"author":1,"featured_media":0,"parent":0,"menu_order":0,"comment_status":"closed","ping_status":"closed","template":"","meta":{"_mi_skip_tracking":false,"_monsterinsights_sitenote_active":false,"_monsterinsights_sitenote_note":"","_monsterinsights_sitenote_category":0,"ngg_post_thumbnail":0},"_links":{"self":[{"href":"http:\/\/viacaofortaleza.com.br\/index.php\/wp-json\/wp\/v2\/pages\/624"}],"collection":[{"href":"http:\/\/viacaofortaleza.com.br\/index.php\/wp-json\/wp\/v2\/pages"}],"about":[{"href":"http:\/\/viacaofortaleza.com.br\/index.php\/wp-json\/wp\/v2\/types\/page"}],"author":[{"embeddable":true,"href":"http:\/\/viacaofortaleza.com.br\/index.php\/wp-json\/wp\/v2\/users\/1"}],"replies":[{"embeddable":true,"href":"http:\/\/viacaofortaleza.com.br\/index.php\/wp-json\/wp\/v2\/comments?post=624"}],"version-history":[{"count":33,"href":"http:\/\/viacaofortaleza.com.br\/index.php\/wp-json\/wp\/v2\/pages\/624\/revisions"}],"predecessor-version":[{"id":8952,"href":"http:\/\/viacaofortaleza.com.br\/index.php\/wp-json\/wp\/v2\/pages\/624\/revisions\/8952"}],"wp:attachment":[{"href":"http:\/\/viacaofortaleza.com.br\/index.php\/wp-json\/wp\/v2\/media?parent=624"}],"curies":[{"name":"wp","href":"https:\/\/api.w.org\/{rel}","templated":true}]}}